{"id":6690,"date":"2026-08-19T17:48:41","date_gmt":"2026-08-19T15:48:41","guid":{"rendered":"https:\/\/fundacionoceanografic.org\/?post_type=evento&#038;p=6690"},"modified":"2026-08-19T17:48:42","modified_gmt":"2026-08-19T15:48:42","slug":"suelta-de-neonatos-de-tortuga-marina-9","status":"publish","type":"evento","link":"https:\/\/fundacionoceanografic.org\/en\/calendar\/suelta-de-neonatos-de-tortuga-marina-9\/","title":{"rendered":"Suelta de neonatos de tortuga marina"},"content":{"rendered":"\n<p class=\"wp-block-paragraph\">En el marco del <strong>Congreso Internacional \u201cEl Rorcual com\u00fan en el Mediterr\u00e1neo\u201d<\/strong>, D\u00e9nia acoger\u00e1 la suelta de los neonatos de tortuga boba (<em>Caretta caretta<\/em>) nacidos en la playa de la localidad y trasladados temporalmente a las instalaciones del ARCA del Mar de la Fundaci\u00f3n Oceanogr\u00e0fic dentro de su programa <strong>Head Starting<\/strong>. Durante sus primeros meses de vida, estas cr\u00edas han permanecido bajo cuidados especializados para superar una etapa especialmente vulnerable y alcanzar un mayor tama\u00f1o y fortaleza antes de su regreso al mar. <\/p>\n\n\n\n<p class=\"wp-block-paragraph\">Esta actividad, abierta al p\u00fablico, se suma a un congreso que reunir\u00e1 en D\u00e9nia a los principales investigadores europeos especializados en el rorcual com\u00fan (<em>Balaenoptera physalus<\/em>), donde se presentar\u00e1n los \u00faltimos avances cient\u00edficos sobre esta especie emblem\u00e1tica, se debatir\u00e1n estrategias de conservaci\u00f3n y se compartir\u00e1n dos d\u00e9cadas de seguimiento en una de las zonas clave para su migraci\u00f3n en el Mediterr\u00e1neo. Una jornada \u00fanica para acercar a la ciudadan\u00eda a la investigaci\u00f3n, la conservaci\u00f3n marina y la protecci\u00f3n de la biodiversidad del Mediterr\u00e1neo.<\/p>\n","protected":false},"featured_media":3517,"parent":0,"template":"","programa":[],"tipo-de-evento":[14],"class_list":["post-6690","evento","type-evento","status-publish","has-post-thumbnail","hentry","tipo-de-evento-actividad-con-colaboradores"],"acf":[],"_links":{"self":[{"href":"https:\/\/fundacionoceanografic.org\/en\/wp-json\/wp\/v2\/evento\/6690","targetHints":{"allow":["GET"]}}],"collection":[{"href":"https:\/\/fundacionoceanografic.org\/en\/wp-json\/wp\/v2\/evento"}],"about":[{"href":"https:\/\/fundacionoceanografic.org\/en\/wp-json\/wp\/v2\/types\/evento"}],"wp:featuredmedia":[{"embeddable":true,"href":"https:\/\/fundacionoceanografic.org\/en\/wp-json\/wp\/v2\/media\/3517"}],"wp:attachment":[{"href":"https:\/\/fundacionoceanografic.org\/en\/wp-json\/wp\/v2\/media?parent=6690"}],"wp:term":[{"taxonomy":"programa","embeddable":true,"href":"https:\/\/fundacionoceanografic.org\/en\/wp-json\/wp\/v2\/programa?post=6690"},{"taxonomy":"tipo-de-evento","embeddable":true,"href":"https:\/\/fundacionoceanografic.org\/en\/wp-json\/wp\/v2\/tipo-de-evento?post=6690"}],"curies":[{"name":"wp","href":"https:\/\/api.w.org\/{rel}","templated":true}]}}

<p class="wp-block-paragraph">En el marco del <strong>Congreso Internacional “El Rorcual común en el Mediterráneo”</strong>, Dénia acogerá la suelta de los neonatos de tortuga boba (<em>Caretta caretta</em>) nacidos en la playa de la localidad y trasladados temporalmente a las instalaciones del ARCA del Mar de la Fundación Oceanogràfic dentro de su programa <strong>Head Starting</strong>. Durante sus primeros meses de vida, estas crías han permanecido bajo cuidados especializados para superar una etapa especialmente vulnerable y alcanzar un mayor tamaño y fortaleza antes de su regreso al mar. </p>



<p class="wp-block-paragraph">Esta actividad, abierta al público, se suma a un congreso que reunirá en Dénia a los principales investigadores europeos especializados en el rorcual común (<em>Balaenoptera physalus</em>), donde se presentarán los últimos avances científicos sobre esta especie emblemática, se debatirán estrategias de conservación y se compartirán dos décadas de seguimiento en una de las zonas clave para su migración en el Mediterráneo. Una jornada única para acercar a la ciudadanía a la investigación, la conservación marina y la protección de la biodiversidad del Mediterráneo.</p>
