{"id":6689,"date":"2026-08-19T11:14:15","date_gmt":"2026-08-19T09:14:15","guid":{"rendered":"https:\/\/fundacionoceanografic.org\/?post_type=evento&#038;p=6689"},"modified":"2026-08-19T11:14:15","modified_gmt":"2026-08-19T09:14:15","slug":"mares-de-ciencia-en-tus-manos-validacion-de-contenidos-de-talleres-educativos","status":"publish","type":"evento","link":"https:\/\/fundacionoceanografic.org\/en\/calendar\/mares-de-ciencia-en-tus-manos-validacion-de-contenidos-de-talleres-educativos\/","title":{"rendered":"Mares de ciencia en tus Manos: validaci\u00f3n de contenidos de talleres educativos"},"content":{"rendered":"\n<p class=\"wp-block-paragraph\">Esta actividad forma parte del proyecto\u201cMares de ciencia en tus manos\u201d, impulsado por la Fundaci\u00f3n Oceanogr\u00e0fic y cofinanciado por la Fundaci\u00f3n Espa\u00f1ola para la Ciencia y la Tecnolog\u00eda (FECYT). Su objetivo es dise\u00f1ar y validar materiales educativos accesibles e inclusivos que acerquen la ciencia y la conservaci\u00f3n marina a p\u00fablicos diversos. Con motivo del D\u00eda de la Ant\u00e1rtida, se pondr\u00e1n a prueba algunos de los talleres desarrollados dentro del proyecto en una sesi\u00f3n de validaci\u00f3n real, en la que personas usuarias, profesionales y voluntariado de ASPRONA evaluar\u00e1n aspectos como la accesibilidad, la comprensi\u00f3n de los contenidos y la adecuaci\u00f3n de las actividades. Las aportaciones recogidas permitir\u00e1n introducir mejoras y garantizar que los recursos educativos resulten lo m\u00e1s inclusivos, participativos y \u00fatiles posible para todas las personas participantes.<\/p>\n","protected":false},"featured_media":4893,"parent":0,"template":"","programa":[],"tipo-de-evento":[14],"class_list":["post-6689","evento","type-evento","status-publish","has-post-thumbnail","hentry","tipo-de-evento-actividad-con-colaboradores"],"acf":[],"_links":{"self":[{"href":"https:\/\/fundacionoceanografic.org\/en\/wp-json\/wp\/v2\/evento\/6689","targetHints":{"allow":["GET"]}}],"collection":[{"href":"https:\/\/fundacionoceanografic.org\/en\/wp-json\/wp\/v2\/evento"}],"about":[{"href":"https:\/\/fundacionoceanografic.org\/en\/wp-json\/wp\/v2\/types\/evento"}],"wp:featuredmedia":[{"embeddable":true,"href":"https:\/\/fundacionoceanografic.org\/en\/wp-json\/wp\/v2\/media\/4893"}],"wp:attachment":[{"href":"https:\/\/fundacionoceanografic.org\/en\/wp-json\/wp\/v2\/media?parent=6689"}],"wp:term":[{"taxonomy":"programa","embeddable":true,"href":"https:\/\/fundacionoceanografic.org\/en\/wp-json\/wp\/v2\/programa?post=6689"},{"taxonomy":"tipo-de-evento","embeddable":true,"href":"https:\/\/fundacionoceanografic.org\/en\/wp-json\/wp\/v2\/tipo-de-evento?post=6689"}],"curies":[{"name":"wp","href":"https:\/\/api.w.org\/{rel}","templated":true}]}}

Mares de ciencia en tus Manos: validación de contenidos de talleres educativos

<p class="wp-block-paragraph">Esta actividad forma parte del proyecto“Mares de ciencia en tus manos”, impulsado por la Fundación Oceanogràfic y cofinanciado por la Fundación Española para la Ciencia y la Tecnología (FECYT). Su objetivo es diseñar y validar materiales educativos accesibles e inclusivos que acerquen la ciencia y la conservación marina a públicos diversos. Con motivo del Día de la Antártida, se pondrán a prueba algunos de los talleres desarrollados dentro del proyecto en una sesión de validación real, en la que personas usuarias, profesionales y voluntariado de ASPRONA evaluarán aspectos como la accesibilidad, la comprensión de los contenidos y la adecuación de las actividades. Las aportaciones recogidas permitirán introducir mejoras y garantizar que los recursos educativos resulten lo más inclusivos, participativos y útiles posible para todas las personas participantes.</p>
