{"id":6462,"date":"2026-04-23T16:43:06","date_gmt":"2026-04-23T14:43:06","guid":{"rendered":"https:\/\/fundacionoceanografic.org\/?post_type=evento&#038;p=6462"},"modified":"2026-04-23T16:43:07","modified_gmt":"2026-04-23T14:43:07","slug":"talleres-educativos-en-la-trobada-descoles-en-valencia-2026","status":"publish","type":"evento","link":"https:\/\/fundacionoceanografic.org\/en\/calendar\/talleres-educativos-en-la-trobada-descoles-en-valencia-2026\/","title":{"rendered":"Talleres educativos en la Trobada d\u2019Escoles en Valenci\u00e0 2026"},"content":{"rendered":"\n<p>Las Trobades d\u2019Escoles son jornadas educativas que re\u00fanen a centros escolares, alumnado y profesorado en un espacio de convivencia, participaci\u00f3n y aprendizaje en torno a la educaci\u00f3n, la cultura y los valores compartidos. En este contexto, la Fundaci\u00f3n Oceanogr\u00e0fic participa con talleres sobre tortugas marinas, biodiversidad a trav\u00e9s del estudio de huellas y rastros, y un taller informativo sobre el programa Escuelas Azules, acercando la ciencia y la conservaci\u00f3n marina a la comunidad educativa. La presencia de la Fundaci\u00f3n en este foro refuerza su papel como entidad de referencia en educaci\u00f3n ambiental marina, promoviendo la cultura oce\u00e1nica, la sensibilizaci\u00f3n ambiental y el compromiso del alumnado con la protecci\u00f3n de los ecosistemas marinos desde edades tempranas.<\/p>\n\n\n\n\n","protected":false},"featured_media":772,"parent":0,"template":"","programa":[],"tipo-de-evento":[14],"class_list":["post-6462","evento","type-evento","status-publish","has-post-thumbnail","hentry","tipo-de-evento-actividad-con-colaboradores"],"acf":[],"_links":{"self":[{"href":"https:\/\/fundacionoceanografic.org\/en\/wp-json\/wp\/v2\/evento\/6462","targetHints":{"allow":["GET"]}}],"collection":[{"href":"https:\/\/fundacionoceanografic.org\/en\/wp-json\/wp\/v2\/evento"}],"about":[{"href":"https:\/\/fundacionoceanografic.org\/en\/wp-json\/wp\/v2\/types\/evento"}],"wp:featuredmedia":[{"embeddable":true,"href":"https:\/\/fundacionoceanografic.org\/en\/wp-json\/wp\/v2\/media\/772"}],"wp:attachment":[{"href":"https:\/\/fundacionoceanografic.org\/en\/wp-json\/wp\/v2\/media?parent=6462"}],"wp:term":[{"taxonomy":"programa","embeddable":true,"href":"https:\/\/fundacionoceanografic.org\/en\/wp-json\/wp\/v2\/programa?post=6462"},{"taxonomy":"tipo-de-evento","embeddable":true,"href":"https:\/\/fundacionoceanografic.org\/en\/wp-json\/wp\/v2\/tipo-de-evento?post=6462"}],"curies":[{"name":"wp","href":"https:\/\/api.w.org\/{rel}","templated":true}]}}

Talleres educativos en la Trobada d’Escoles en Valencià 2026

<p>Las Trobades d’Escoles son jornadas educativas que reúnen a centros escolares, alumnado y profesorado en un espacio de convivencia, participación y aprendizaje en torno a la educación, la cultura y los valores compartidos. En este contexto, la Fundación Oceanogràfic participa con talleres sobre tortugas marinas, biodiversidad a través del estudio de huellas y rastros, y un taller informativo sobre el programa Escuelas Azules, acercando la ciencia y la conservación marina a la comunidad educativa. La presencia de la Fundación en este foro refuerza su papel como entidad de referencia en educación ambiental marina, promoviendo la cultura oceánica, la sensibilización ambiental y el compromiso del alumnado con la protección de los ecosistemas marinos desde edades tempranas.</p>
