{"id":6461,"date":"2026-04-23T16:36:14","date_gmt":"2026-04-23T14:36:14","guid":{"rendered":"https:\/\/fundacionoceanografic.org\/?post_type=evento&#038;p=6461"},"modified":"2026-04-23T16:36:14","modified_gmt":"2026-04-23T14:36:14","slug":"jornada-del-profesorado-4","status":"publish","type":"evento","link":"https:\/\/fundacionoceanografic.org\/en\/calendar\/jornada-del-profesorado-4\/","title":{"rendered":"Jornada del Profesorado"},"content":{"rendered":"\n<p>La jornada docente del pr\u00f3ximo 9 de mayo es una actividad formativa dirigida al profesorado, concebida como un espacio de encuentro, aprendizaje e intercambio de experiencias en torno a la educaci\u00f3n ambiental y la conservaci\u00f3n marina. A lo largo de la sesi\u00f3n, se presentan recursos educativos, metodolog\u00edas y contenidos cient\u00edficos vinculados a la biodiversidad y los ecosistemas marinos que pueden trasladarse al aula, reforzando el papel del profesorado como agente clave en la sensibilizaci\u00f3n ambiental y la divulgaci\u00f3n cient\u00edfica.<\/p>\n","protected":false},"featured_media":5392,"parent":0,"template":"","programa":[],"tipo-de-evento":[14],"class_list":["post-6461","evento","type-evento","status-publish","has-post-thumbnail","hentry","tipo-de-evento-actividad-con-colaboradores"],"acf":[],"_links":{"self":[{"href":"https:\/\/fundacionoceanografic.org\/en\/wp-json\/wp\/v2\/evento\/6461","targetHints":{"allow":["GET"]}}],"collection":[{"href":"https:\/\/fundacionoceanografic.org\/en\/wp-json\/wp\/v2\/evento"}],"about":[{"href":"https:\/\/fundacionoceanografic.org\/en\/wp-json\/wp\/v2\/types\/evento"}],"wp:featuredmedia":[{"embeddable":true,"href":"https:\/\/fundacionoceanografic.org\/en\/wp-json\/wp\/v2\/media\/5392"}],"wp:attachment":[{"href":"https:\/\/fundacionoceanografic.org\/en\/wp-json\/wp\/v2\/media?parent=6461"}],"wp:term":[{"taxonomy":"programa","embeddable":true,"href":"https:\/\/fundacionoceanografic.org\/en\/wp-json\/wp\/v2\/programa?post=6461"},{"taxonomy":"tipo-de-evento","embeddable":true,"href":"https:\/\/fundacionoceanografic.org\/en\/wp-json\/wp\/v2\/tipo-de-evento?post=6461"}],"curies":[{"name":"wp","href":"https:\/\/api.w.org\/{rel}","templated":true}]}}

<p>La jornada docente del próximo 9 de mayo es una actividad formativa dirigida al profesorado, concebida como un espacio de encuentro, aprendizaje e intercambio de experiencias en torno a la educación ambiental y la conservación marina. A lo largo de la sesión, se presentan recursos educativos, metodologías y contenidos científicos vinculados a la biodiversidad y los ecosistemas marinos que pueden trasladarse al aula, reforzando el papel del profesorado como agente clave en la sensibilización ambiental y la divulgación científica.</p>
