{"id":6460,"date":"2026-04-23T16:34:19","date_gmt":"2026-04-23T14:34:19","guid":{"rendered":"https:\/\/fundacionoceanografic.org\/?post_type=evento&#038;p=6460"},"modified":"2026-04-23T16:34:20","modified_gmt":"2026-04-23T14:34:20","slug":"anillamiento-de-aves-2","status":"publish","type":"evento","link":"https:\/\/fundacionoceanografic.org\/en\/calendar\/anillamiento-de-aves-2\/","title":{"rendered":"Anillamiento de aves"},"content":{"rendered":"\n<p>El anillamiento cient\u00edfico de aves es una t\u00e9cnica de investigaci\u00f3n que permite estudiar las poblaciones de aves silvestres, conocer sus movimientos, longevidad y estado de conservaci\u00f3n, y contribuir a su protecci\u00f3n. El pr\u00f3ximo 7 de mayo, esta actividad se realizar\u00e1 en colaboraci\u00f3n con el IES Jos\u00e9 Rodrigo Botet, ofreciendo al alumnado la oportunidad de conocer de primera mano c\u00f3mo se desarrolla este trabajo cient\u00edfico y la importancia del seguimiento de las aves como indicadores de la salud de los ecosistemas. La actividad combina divulgaci\u00f3n, educaci\u00f3n ambiental y ciencia aplicada, fomentando el respeto por la biodiversidad y el conocimiento del entorno natural.<\/p>\n","protected":false},"featured_media":5990,"parent":0,"template":"","programa":[],"tipo-de-evento":[14],"class_list":["post-6460","evento","type-evento","status-publish","has-post-thumbnail","hentry","tipo-de-evento-actividad-con-colaboradores"],"acf":[],"_links":{"self":[{"href":"https:\/\/fundacionoceanografic.org\/en\/wp-json\/wp\/v2\/evento\/6460","targetHints":{"allow":["GET"]}}],"collection":[{"href":"https:\/\/fundacionoceanografic.org\/en\/wp-json\/wp\/v2\/evento"}],"about":[{"href":"https:\/\/fundacionoceanografic.org\/en\/wp-json\/wp\/v2\/types\/evento"}],"wp:featuredmedia":[{"embeddable":true,"href":"https:\/\/fundacionoceanografic.org\/en\/wp-json\/wp\/v2\/media\/5990"}],"wp:attachment":[{"href":"https:\/\/fundacionoceanografic.org\/en\/wp-json\/wp\/v2\/media?parent=6460"}],"wp:term":[{"taxonomy":"programa","embeddable":true,"href":"https:\/\/fundacionoceanografic.org\/en\/wp-json\/wp\/v2\/programa?post=6460"},{"taxonomy":"tipo-de-evento","embeddable":true,"href":"https:\/\/fundacionoceanografic.org\/en\/wp-json\/wp\/v2\/tipo-de-evento?post=6460"}],"curies":[{"name":"wp","href":"https:\/\/api.w.org\/{rel}","templated":true}]}}

<p>El anillamiento científico de aves es una técnica de investigación que permite estudiar las poblaciones de aves silvestres, conocer sus movimientos, longevidad y estado de conservación, y contribuir a su protección. El próximo 7 de mayo, esta actividad se realizará en colaboración con el IES José Rodrigo Botet, ofreciendo al alumnado la oportunidad de conocer de primera mano cómo se desarrolla este trabajo científico y la importancia del seguimiento de las aves como indicadores de la salud de los ecosistemas. La actividad combina divulgación, educación ambiental y ciencia aplicada, fomentando el respeto por la biodiversidad y el conocimiento del entorno natural.</p>
