{"id":6457,"date":"2026-04-23T16:27:11","date_gmt":"2026-04-23T14:27:11","guid":{"rendered":"https:\/\/fundacionoceanografic.org\/?post_type=evento&#038;p=6457"},"modified":"2026-04-23T16:27:12","modified_gmt":"2026-04-23T14:27:12","slug":"mares-con-proposito-7","status":"publish","type":"evento","link":"https:\/\/fundacionoceanografic.org\/en\/calendar\/mares-con-proposito-7\/","title":{"rendered":"Mares con Prop\u00f3sito"},"content":{"rendered":"\n<p>Mares con Prop\u00f3sito es un programa de voluntariado inclusivo de la Fundaci\u00f3n Oceanogr\u00e0fic que promueve la participaci\u00f3n activa de personas con discapacidad intelectual en actividades de educaci\u00f3n ambiental y sensibilizaci\u00f3n sobre la conservaci\u00f3n de los oc\u00e9anos. A trav\u00e9s de sesiones formativas y pr\u00e1cticas, las personas participantes desarrollan habilidades de comunicaci\u00f3n, trabajo en equipo y atenci\u00f3n al p\u00fablico, al tiempo que se convierten en agentes activos de divulgaci\u00f3n ambiental.<br><\/p>\n\n\n\n<p>En la tercera sesi\u00f3n de formaci\u00f3n realizaremos una parte pr\u00e1ctica centrada en la atenci\u00f3n al p\u00fablico. Durante esta actividad, los y las participantes asumir\u00e1n el rol de gu\u00edas en la instalaci\u00f3n del \u00c1rtico y la Ant\u00e1rtida del Oceanogr\u00e0fic, poniendo en pr\u00e1ctica c\u00f3mo dar la bienvenida a los visitantes, explicar los contenidos del espacio y transmitir mensajes clave sobre los ecosistemas polares y su conservaci\u00f3n, siempre con el acompa\u00f1amiento del equipo educativo.<\/p>\n","protected":false},"featured_media":6458,"parent":0,"template":"","programa":[],"tipo-de-evento":[14],"class_list":["post-6457","evento","type-evento","status-publish","has-post-thumbnail","hentry","tipo-de-evento-actividad-con-colaboradores"],"acf":[],"_links":{"self":[{"href":"https:\/\/fundacionoceanografic.org\/en\/wp-json\/wp\/v2\/evento\/6457","targetHints":{"allow":["GET"]}}],"collection":[{"href":"https:\/\/fundacionoceanografic.org\/en\/wp-json\/wp\/v2\/evento"}],"about":[{"href":"https:\/\/fundacionoceanografic.org\/en\/wp-json\/wp\/v2\/types\/evento"}],"wp:featuredmedia":[{"embeddable":true,"href":"https:\/\/fundacionoceanografic.org\/en\/wp-json\/wp\/v2\/media\/6458"}],"wp:attachment":[{"href":"https:\/\/fundacionoceanografic.org\/en\/wp-json\/wp\/v2\/media?parent=6457"}],"wp:term":[{"taxonomy":"programa","embeddable":true,"href":"https:\/\/fundacionoceanografic.org\/en\/wp-json\/wp\/v2\/programa?post=6457"},{"taxonomy":"tipo-de-evento","embeddable":true,"href":"https:\/\/fundacionoceanografic.org\/en\/wp-json\/wp\/v2\/tipo-de-evento?post=6457"}],"curies":[{"name":"wp","href":"https:\/\/api.w.org\/{rel}","templated":true}]}}

Mares con Propósito

<p>Mares con Propósito es un programa de voluntariado inclusivo de la Fundación Oceanogràfic que promueve la participación activa de personas con discapacidad intelectual en actividades de educación ambiental y sensibilización sobre la conservación de los océanos. A través de sesiones formativas y prácticas, las personas participantes desarrollan habilidades de comunicación, trabajo en equipo y atención al público, al tiempo que se convierten en agentes activos de divulgación ambiental.<br></p>



<p>En la tercera sesión de formación realizaremos una parte práctica centrada en la atención al público. Durante esta actividad, los y las participantes asumirán el rol de guías en la instalación del Ártico y la Antártida del Oceanogràfic, poniendo en práctica cómo dar la bienvenida a los visitantes, explicar los contenidos del espacio y transmitir mensajes clave sobre los ecosistemas polares y su conservación, siempre con el acompañamiento del equipo educativo.</p>
