{"id":6354,"date":"2026-03-09T18:00:37","date_gmt":"2026-03-09T17:00:37","guid":{"rendered":"https:\/\/fundacionoceanografic.org\/?post_type=evento&#038;p=6354"},"modified":"2026-03-13T11:08:55","modified_gmt":"2026-03-13T10:08:55","slug":"suelta-de-samarucs-y-petxinots","status":"publish","type":"evento","link":"https:\/\/fundacionoceanografic.org\/en\/calendar\/suelta-de-samarucs-y-petxinots\/","title":{"rendered":"Suelta de samarucs y petxinots"},"content":{"rendered":"\n<p>Con motivo del <strong>D\u00eda Mundial del Agua<\/strong>, la Fundaci\u00f3n Oceanogr\u00e0fic en colaboraci\u00f3n con Global Omnium y el Ayuntamiento de Sueca, llevar\u00e1 a cabo junto al alumnado del IES Joan Fuster una actividad de conservaci\u00f3n centrada en la suelta de fauna dulceacu\u00edcola aut\u00f3ctona amenazada. Durante la jornada se introducir\u00e1n en el medio ejemplares de samaruc (<em>Valencia hispanica<\/em>), pez end\u00e9mico de la Comunitat Valenciana en peligro de extinci\u00f3n, y de petxinot, almeja de agua dulce con una importante funci\u00f3n filtradora en los ecosistemas acu\u00e1ticos, concretamente de las especies <em>Anodonta anatina y Unio mancus<\/em>. Esta acci\u00f3n permitir\u00e1 dar a conocer la importancia de proteger los ecosistemas de agua dulce y de conservar especies tan vulnerables como el <strong>samaruc, el petxinot<\/strong>.<\/p>\n","protected":false},"featured_media":2815,"parent":0,"template":"","programa":[],"tipo-de-evento":[14],"class_list":["post-6354","evento","type-evento","status-publish","has-post-thumbnail","hentry","tipo-de-evento-actividad-con-colaboradores"],"acf":[],"_links":{"self":[{"href":"https:\/\/fundacionoceanografic.org\/en\/wp-json\/wp\/v2\/evento\/6354","targetHints":{"allow":["GET"]}}],"collection":[{"href":"https:\/\/fundacionoceanografic.org\/en\/wp-json\/wp\/v2\/evento"}],"about":[{"href":"https:\/\/fundacionoceanografic.org\/en\/wp-json\/wp\/v2\/types\/evento"}],"wp:featuredmedia":[{"embeddable":true,"href":"https:\/\/fundacionoceanografic.org\/en\/wp-json\/wp\/v2\/media\/2815"}],"wp:attachment":[{"href":"https:\/\/fundacionoceanografic.org\/en\/wp-json\/wp\/v2\/media?parent=6354"}],"wp:term":[{"taxonomy":"programa","embeddable":true,"href":"https:\/\/fundacionoceanografic.org\/en\/wp-json\/wp\/v2\/programa?post=6354"},{"taxonomy":"tipo-de-evento","embeddable":true,"href":"https:\/\/fundacionoceanografic.org\/en\/wp-json\/wp\/v2\/tipo-de-evento?post=6354"}],"curies":[{"name":"wp","href":"https:\/\/api.w.org\/{rel}","templated":true}]}}

<p>Con motivo del <strong>Día Mundial del Agua</strong>, la Fundación Oceanogràfic en colaboración con Global Omnium y el Ayuntamiento de Sueca, llevará a cabo junto al alumnado del IES Joan Fuster una actividad de conservación centrada en la suelta de fauna dulceacuícola autóctona amenazada. Durante la jornada se introducirán en el medio ejemplares de samaruc (<em>Valencia hispanica</em>), pez endémico de la Comunitat Valenciana en peligro de extinción, y de petxinot, almeja de agua dulce con una importante función filtradora en los ecosistemas acuáticos, concretamente de las especies <em>Anodonta anatina y Unio mancus</em>. Esta acción permitirá dar a conocer la importancia de proteger los ecosistemas de agua dulce y de conservar especies tan vulnerables como el <strong>samaruc, el petxinot</strong>.</p>
