{"id":6345,"date":"2026-02-27T10:06:57","date_gmt":"2026-02-27T09:06:57","guid":{"rendered":"https:\/\/fundacionoceanografic.org\/?post_type=evento&#038;p=6345"},"modified":"2026-02-27T10:06:57","modified_gmt":"2026-02-27T09:06:57","slug":"suelta-de-tortuga-marina-14","status":"publish","type":"evento","link":"https:\/\/fundacionoceanografic.org\/en\/calendar\/suelta-de-tortuga-marina-14\/","title":{"rendered":"Suelta de tortuga marina"},"content":{"rendered":"\n<p>La suelta de una <strong>tortuga marina recuperada por ARCA del Mar<\/strong> junto al personal de la <strong>Oficina T\u00e9cnica del Parque Natural de l\u2019Albufera<\/strong> es una acci\u00f3n de alto valor educativo y simb\u00f3lico, porque conecta de forma directa el trabajo de <strong>rescate y rehabilitaci\u00f3n<\/strong> con la experiencia y el conocimiento de profesionales que gestionan a diario la <strong>conservaci\u00f3n de un espacio natural clave<\/strong> del litoral valenciano. <\/p>\n\n\n\n<p>Compartir esta actividad con personal t\u00e9cnico especializado refuerza el enfoque cient\u00edfico y de gesti\u00f3n del territorio, favorece el intercambio de perspectivas sobre amenazas y buenas pr\u00e1cticas y pone en valor la importancia de la <strong>colaboraci\u00f3n entre instituciones<\/strong> para proteger los ecosistemas mediterr\u00e1neos. <br><br><\/p>\n","protected":false},"featured_media":537,"parent":0,"template":"","programa":[],"tipo-de-evento":[14],"class_list":["post-6345","evento","type-evento","status-publish","has-post-thumbnail","hentry","tipo-de-evento-actividad-con-colaboradores"],"acf":[],"_links":{"self":[{"href":"https:\/\/fundacionoceanografic.org\/en\/wp-json\/wp\/v2\/evento\/6345","targetHints":{"allow":["GET"]}}],"collection":[{"href":"https:\/\/fundacionoceanografic.org\/en\/wp-json\/wp\/v2\/evento"}],"about":[{"href":"https:\/\/fundacionoceanografic.org\/en\/wp-json\/wp\/v2\/types\/evento"}],"wp:featuredmedia":[{"embeddable":true,"href":"https:\/\/fundacionoceanografic.org\/en\/wp-json\/wp\/v2\/media\/537"}],"wp:attachment":[{"href":"https:\/\/fundacionoceanografic.org\/en\/wp-json\/wp\/v2\/media?parent=6345"}],"wp:term":[{"taxonomy":"programa","embeddable":true,"href":"https:\/\/fundacionoceanografic.org\/en\/wp-json\/wp\/v2\/programa?post=6345"},{"taxonomy":"tipo-de-evento","embeddable":true,"href":"https:\/\/fundacionoceanografic.org\/en\/wp-json\/wp\/v2\/tipo-de-evento?post=6345"}],"curies":[{"name":"wp","href":"https:\/\/api.w.org\/{rel}","templated":true}]}}

<p>La suelta de una <strong>tortuga marina recuperada por ARCA del Mar</strong> junto al personal de la <strong>Oficina Técnica del Parque Natural de l’Albufera</strong> es una acción de alto valor educativo y simbólico, porque conecta de forma directa el trabajo de <strong>rescate y rehabilitación</strong> con la experiencia y el conocimiento de profesionales que gestionan a diario la <strong>conservación de un espacio natural clave</strong> del litoral valenciano. </p>



<p>Compartir esta actividad con personal técnico especializado refuerza el enfoque científico y de gestión del territorio, favorece el intercambio de perspectivas sobre amenazas y buenas prácticas y pone en valor la importancia de la <strong>colaboración entre instituciones</strong> para proteger los ecosistemas mediterráneos. <br><br></p>
