{"id":6344,"date":"2026-02-27T10:02:43","date_gmt":"2026-02-27T09:02:43","guid":{"rendered":"https:\/\/fundacionoceanografic.org\/?post_type=evento&#038;p=6344"},"modified":"2026-02-27T10:02:44","modified_gmt":"2026-02-27T09:02:44","slug":"visita-educativa","status":"publish","type":"evento","link":"https:\/\/fundacionoceanografic.org\/en\/calendar\/visita-educativa\/","title":{"rendered":"Visita educativa"},"content":{"rendered":"\n<p>Junto al centro escolar Claudio Galeno es ahora XTART Formaci\u00f3n Profesional<\/p>\n\n\n\n<p>Un grupo de <strong>aprox. 50 estudiantes de FP de Laboratorio de An\u00e1lisis Cl\u00ednico<\/strong> visitar\u00e1 el Oceanogr\u00e0fic con el objetivo de conocer de primera mano el trabajo y las instalaciones de los <strong>laboratorios de Calidad y Veterinaria<\/strong>. La actividad incluir\u00e1 una <strong>charla introductoria de la Fundaci\u00f3n Oceanogr\u00e0fic<\/strong>, seguida de una <strong>sesi\u00f3n en aula<\/strong> sobre el funcionamiento y las particularidades de los laboratorios. <br><br><\/p>\n\n\n\n\n","protected":false},"featured_media":5082,"parent":0,"template":"","programa":[],"tipo-de-evento":[14],"class_list":["post-6344","evento","type-evento","status-publish","has-post-thumbnail","hentry","tipo-de-evento-actividad-con-colaboradores"],"acf":[],"_links":{"self":[{"href":"https:\/\/fundacionoceanografic.org\/en\/wp-json\/wp\/v2\/evento\/6344","targetHints":{"allow":["GET"]}}],"collection":[{"href":"https:\/\/fundacionoceanografic.org\/en\/wp-json\/wp\/v2\/evento"}],"about":[{"href":"https:\/\/fundacionoceanografic.org\/en\/wp-json\/wp\/v2\/types\/evento"}],"wp:featuredmedia":[{"embeddable":true,"href":"https:\/\/fundacionoceanografic.org\/en\/wp-json\/wp\/v2\/media\/5082"}],"wp:attachment":[{"href":"https:\/\/fundacionoceanografic.org\/en\/wp-json\/wp\/v2\/media?parent=6344"}],"wp:term":[{"taxonomy":"programa","embeddable":true,"href":"https:\/\/fundacionoceanografic.org\/en\/wp-json\/wp\/v2\/programa?post=6344"},{"taxonomy":"tipo-de-evento","embeddable":true,"href":"https:\/\/fundacionoceanografic.org\/en\/wp-json\/wp\/v2\/tipo-de-evento?post=6344"}],"curies":[{"name":"wp","href":"https:\/\/api.w.org\/{rel}","templated":true}]}}

<p>Junto al centro escolar Claudio Galeno es ahora XTART Formación Profesional</p>



<p>Un grupo de <strong>aprox. 50 estudiantes de FP de Laboratorio de Análisis Clínico</strong> visitará el Oceanogràfic con el objetivo de conocer de primera mano el trabajo y las instalaciones de los <strong>laboratorios de Calidad y Veterinaria</strong>. La actividad incluirá una <strong>charla introductoria de la Fundación Oceanogràfic</strong>, seguida de una <strong>sesión en aula</strong> sobre el funcionamiento y las particularidades de los laboratorios. <br><br></p>
