{"id":6343,"date":"2026-02-27T09:55:47","date_gmt":"2026-02-27T08:55:47","guid":{"rendered":"https:\/\/fundacionoceanografic.org\/?post_type=evento&#038;p=6343"},"modified":"2026-02-27T10:31:05","modified_gmt":"2026-02-27T09:31:05","slug":"suelta-de-tortuga-marina-13","status":"publish","type":"evento","link":"https:\/\/fundacionoceanografic.org\/en\/calendar\/suelta-de-tortuga-marina-13\/","title":{"rendered":"Suelta de Tortuga Marina"},"content":{"rendered":"\n<p><strong>En colaboraci\u00f3n con el Acuario de Santa Pola<\/strong><\/p>\n\n\n\n<p>Suelta educativa de tortuga marina recuperada en el ARCA del Mar del Oceanogr\u00e0fic, una actividad de sensibilizaci\u00f3n ambiental organizada en colaboraci\u00f3n entre la Fundaci\u00f3n Oceanogr\u00e0fic y el Acuario de Santa Pola. Esta acci\u00f3n pone en valor el trabajo de recuperaci\u00f3n y conservaci\u00f3n de la fauna marina, al tiempo que ofrece a los asistentes, especialmente a&nbsp;grupos escolares, una oportunidad \u00fanica para conocer de cerca la importancia de proteger los oc\u00e9anos. La actividad combina divulgaci\u00f3n cient\u00edfica y experiencia directa en el entorno natural, fomentando el respeto por la biodiversidad y la concienciaci\u00f3n ambiental desde edades tempranas.<\/p>\n","protected":false},"featured_media":3085,"parent":0,"template":"","programa":[],"tipo-de-evento":[14],"class_list":["post-6343","evento","type-evento","status-publish","has-post-thumbnail","hentry","tipo-de-evento-actividad-con-colaboradores"],"acf":[],"_links":{"self":[{"href":"https:\/\/fundacionoceanografic.org\/en\/wp-json\/wp\/v2\/evento\/6343","targetHints":{"allow":["GET"]}}],"collection":[{"href":"https:\/\/fundacionoceanografic.org\/en\/wp-json\/wp\/v2\/evento"}],"about":[{"href":"https:\/\/fundacionoceanografic.org\/en\/wp-json\/wp\/v2\/types\/evento"}],"wp:featuredmedia":[{"embeddable":true,"href":"https:\/\/fundacionoceanografic.org\/en\/wp-json\/wp\/v2\/media\/3085"}],"wp:attachment":[{"href":"https:\/\/fundacionoceanografic.org\/en\/wp-json\/wp\/v2\/media?parent=6343"}],"wp:term":[{"taxonomy":"programa","embeddable":true,"href":"https:\/\/fundacionoceanografic.org\/en\/wp-json\/wp\/v2\/programa?post=6343"},{"taxonomy":"tipo-de-evento","embeddable":true,"href":"https:\/\/fundacionoceanografic.org\/en\/wp-json\/wp\/v2\/tipo-de-evento?post=6343"}],"curies":[{"name":"wp","href":"https:\/\/api.w.org\/{rel}","templated":true}]}}

<p><strong>En colaboración con el Acuario de Santa Pola</strong></p>



<p>Suelta educativa de tortuga marina recuperada en el ARCA del Mar del Oceanogràfic, una actividad de sensibilización ambiental organizada en colaboración entre la Fundación Oceanogràfic y el Acuario de Santa Pola. Esta acción pone en valor el trabajo de recuperación y conservación de la fauna marina, al tiempo que ofrece a los asistentes, especialmente a&nbsp;grupos escolares, una oportunidad única para conocer de cerca la importancia de proteger los océanos. La actividad combina divulgación científica y experiencia directa en el entorno natural, fomentando el respeto por la biodiversidad y la concienciación ambiental desde edades tempranas.</p>
