{"id":6342,"date":"2026-02-27T09:50:24","date_gmt":"2026-02-27T08:50:24","guid":{"rendered":"https:\/\/fundacionoceanografic.org\/?post_type=evento&#038;p=6342"},"modified":"2026-02-27T09:50:25","modified_gmt":"2026-02-27T08:50:25","slug":"talleres-educativos","status":"publish","type":"evento","link":"https:\/\/fundacionoceanografic.org\/en\/calendar\/talleres-educativos\/","title":{"rendered":"Talleres educativos"},"content":{"rendered":"\n<p>Celebramos el D\u00eda Mundial del Agua <\/p>\n\n\n\n<p>Durante esta jornada promovida por Naciones Unidas ponemos el foco en la crisis global del agua y en la necesidad de avanzar hacia el ODS 6: agua y saneamiento para todas las personas. La Fundaci\u00f3n Oceanogr\u00e0fic impulsa una acci\u00f3n educativa en colaboraci\u00f3n con Global Omnium, dos asociaciones de consumidores y la Oficina de la Energ\u00eda. La actividad se articula a trav\u00e9s de OceanLab (laboratorios itinerantes con explicaciones gratuitas impartidas por el equipo de Educaci\u00f3n del Oceanogr\u00e0fic), con din\u00e1micas y contenidos divulgativos para comprender por qu\u00e9 el agua es un recurso limitado, c\u00f3mo afectan el cambio clim\u00e1tico y nuestros h\u00e1bitos a mares y oc\u00e9anos, y qu\u00e9 buenas pr\u00e1cticas cotidianas pueden reducir ese impacto.<\/p>\n","protected":false},"featured_media":772,"parent":0,"template":"","programa":[],"tipo-de-evento":[14],"class_list":["post-6342","evento","type-evento","status-publish","has-post-thumbnail","hentry","tipo-de-evento-actividad-con-colaboradores"],"acf":[],"_links":{"self":[{"href":"https:\/\/fundacionoceanografic.org\/en\/wp-json\/wp\/v2\/evento\/6342","targetHints":{"allow":["GET"]}}],"collection":[{"href":"https:\/\/fundacionoceanografic.org\/en\/wp-json\/wp\/v2\/evento"}],"about":[{"href":"https:\/\/fundacionoceanografic.org\/en\/wp-json\/wp\/v2\/types\/evento"}],"wp:featuredmedia":[{"embeddable":true,"href":"https:\/\/fundacionoceanografic.org\/en\/wp-json\/wp\/v2\/media\/772"}],"wp:attachment":[{"href":"https:\/\/fundacionoceanografic.org\/en\/wp-json\/wp\/v2\/media?parent=6342"}],"wp:term":[{"taxonomy":"programa","embeddable":true,"href":"https:\/\/fundacionoceanografic.org\/en\/wp-json\/wp\/v2\/programa?post=6342"},{"taxonomy":"tipo-de-evento","embeddable":true,"href":"https:\/\/fundacionoceanografic.org\/en\/wp-json\/wp\/v2\/tipo-de-evento?post=6342"}],"curies":[{"name":"wp","href":"https:\/\/api.w.org\/{rel}","templated":true}]}}

<p>Celebramos el Día Mundial del Agua </p>



<p>Durante esta jornada promovida por Naciones Unidas ponemos el foco en la crisis global del agua y en la necesidad de avanzar hacia el ODS 6: agua y saneamiento para todas las personas. La Fundación Oceanogràfic impulsa una acción educativa en colaboración con Global Omnium, dos asociaciones de consumidores y la Oficina de la Energía. La actividad se articula a través de OceanLab (laboratorios itinerantes con explicaciones gratuitas impartidas por el equipo de Educación del Oceanogràfic), con dinámicas y contenidos divulgativos para comprender por qué el agua es un recurso limitado, cómo afectan el cambio climático y nuestros hábitos a mares y océanos, y qué buenas prácticas cotidianas pueden reducir ese impacto.</p>
