{"id":6341,"date":"2026-02-27T09:39:16","date_gmt":"2026-02-27T08:39:16","guid":{"rendered":"https:\/\/fundacionoceanografic.org\/?post_type=evento&#038;p=6341"},"modified":"2026-02-27T09:39:16","modified_gmt":"2026-02-27T08:39:16","slug":"suelta-de-tortuga-marina-12","status":"publish","type":"evento","link":"https:\/\/fundacionoceanografic.org\/en\/calendar\/suelta-de-tortuga-marina-12\/","title":{"rendered":"Suelta de tortuga marina"},"content":{"rendered":"\n<p>En el marco del concurso escolar <strong>goCalp<\/strong>, impulsado por el Ayuntamiento de Calp junto a <strong>Global Omnium<\/strong> y <strong>Aguas de Calpe<\/strong>, celebramos una <strong>suelta de tortuga marina<\/strong> como cierre educativo y simb\u00f3lico del compromiso con la sostenibilidad y la conservaci\u00f3n marina. Este certamen, dirigido al alumnado de <strong>6.\u00ba de Primaria<\/strong> y <strong>4.\u00ba de ESO<\/strong>, reta a los equipos a analizar riesgos clim\u00e1ticos del municipio y proponer soluciones viables para una Calp m\u00e1s resiliente.<\/p>\n\n\n\n<p>La actividad comienza con una bienvenida y un enfoque divulgativo sobre la labor de <strong>ARCA del Mar<\/strong> del Oceanogr\u00e0fic, donde se realiza el <strong>rescate, la atenci\u00f3n veterinaria y la rehabilitaci\u00f3n<\/strong> de tortugas marinas y otra fauna herida o varada, con el objetivo de que, cuando el equipo t\u00e9cnico lo autoriza, puedan <strong>regresar al mar<\/strong>. Tras esta introducci\u00f3n, se realiza un breve taller educativo y, finalmente, la <strong>suelta en playa<\/strong>, en la que se explica de forma sencilla la historia del animal y las pautas de seguridad para vivir el momento como una experiencia de aprendizaje y conservaci\u00f3n compartida, reforzando el v\u00ednculo entre educaci\u00f3n ambiental y protecci\u00f3n del Mediterr\u00e1neo.<\/p>\n","protected":false},"featured_media":5260,"parent":0,"template":"","programa":[],"tipo-de-evento":[14],"class_list":["post-6341","evento","type-evento","status-publish","has-post-thumbnail","hentry","tipo-de-evento-actividad-con-colaboradores"],"acf":[],"_links":{"self":[{"href":"https:\/\/fundacionoceanografic.org\/en\/wp-json\/wp\/v2\/evento\/6341","targetHints":{"allow":["GET"]}}],"collection":[{"href":"https:\/\/fundacionoceanografic.org\/en\/wp-json\/wp\/v2\/evento"}],"about":[{"href":"https:\/\/fundacionoceanografic.org\/en\/wp-json\/wp\/v2\/types\/evento"}],"wp:featuredmedia":[{"embeddable":true,"href":"https:\/\/fundacionoceanografic.org\/en\/wp-json\/wp\/v2\/media\/5260"}],"wp:attachment":[{"href":"https:\/\/fundacionoceanografic.org\/en\/wp-json\/wp\/v2\/media?parent=6341"}],"wp:term":[{"taxonomy":"programa","embeddable":true,"href":"https:\/\/fundacionoceanografic.org\/en\/wp-json\/wp\/v2\/programa?post=6341"},{"taxonomy":"tipo-de-evento","embeddable":true,"href":"https:\/\/fundacionoceanografic.org\/en\/wp-json\/wp\/v2\/tipo-de-evento?post=6341"}],"curies":[{"name":"wp","href":"https:\/\/api.w.org\/{rel}","templated":true}]}}

<p>En el marco del concurso escolar <strong>goCalp</strong>, impulsado por el Ayuntamiento de Calp junto a <strong>Global Omnium</strong> y <strong>Aguas de Calpe</strong>, celebramos una <strong>suelta de tortuga marina</strong> como cierre educativo y simbólico del compromiso con la sostenibilidad y la conservación marina. Este certamen, dirigido al alumnado de <strong>6.º de Primaria</strong> y <strong>4.º de ESO</strong>, reta a los equipos a analizar riesgos climáticos del municipio y proponer soluciones viables para una Calp más resiliente.</p>



<p>La actividad comienza con una bienvenida y un enfoque divulgativo sobre la labor de <strong>ARCA del Mar</strong> del Oceanogràfic, donde se realiza el <strong>rescate, la atención veterinaria y la rehabilitación</strong> de tortugas marinas y otra fauna herida o varada, con el objetivo de que, cuando el equipo técnico lo autoriza, puedan <strong>regresar al mar</strong>. Tras esta introducción, se realiza un breve taller educativo y, finalmente, la <strong>suelta en playa</strong>, en la que se explica de forma sencilla la historia del animal y las pautas de seguridad para vivir el momento como una experiencia de aprendizaje y conservación compartida, reforzando el vínculo entre educación ambiental y protección del Mediterráneo.</p>
