{"id":6309,"date":"2026-02-10T14:12:37","date_gmt":"2026-02-10T13:12:37","guid":{"rendered":"https:\/\/fundacionoceanografic.org\/?post_type=evento&#038;p=6309"},"modified":"2026-04-23T11:35:43","modified_gmt":"2026-04-23T09:35:43","slug":"marea-del-cambio-ciclo-de-dialogos-cientificos-7","status":"publish","type":"evento","link":"https:\/\/fundacionoceanografic.org\/en\/calendar\/marea-del-cambio-ciclo-de-dialogos-cientificos-7\/","title":{"rendered":"Marea del Cambio con Carlota Escutia"},"content":{"rendered":"\n<p><strong>Charla sobre introducci\u00f3n a los ecosistemas polares a cargo de la Dra. Carlota Escutia \u200b<\/strong><\/p>\n\n\n\n<p>La ge\u00f3loga <strong>Carlota Escutia Dotti<\/strong>, investigadora del CSIC en el <strong>Instituto Andaluz de Ciencias de la Tierra (CSIC-UGR)<\/strong>, dedicar\u00e1 su conferencia a explicar por qu\u00e9 la Ant\u00e1rtida es una pieza clave del sistema clim\u00e1tico y c\u00f3mo su historia geol\u00f3gica ayuda a entender el futuro del planeta. A partir del estudio de <strong>sedimentos y registros estratigr\u00e1ficos<\/strong>, incluidas grandes campa\u00f1as internacionales de perforaci\u00f3n oce\u00e1nica para reconstruir la evoluci\u00f3n del casquete ant\u00e1rtico, Escutia mostrar\u00e1 c\u00f3mo los cambios ambientales del pasado se reflejan en la estabilidad del hielo, el oc\u00e9ano Austral y, en conjunto, en el clima global. <\/p>\n\n\n\n<p>Su trabajo aporta evidencias fundamentales para mejorar la interpretaci\u00f3n de la din\u00e1mica del hielo polar y afinar los modelos que eval\u00faan riesgos y escenarios de cambio clim\u00e1tico. Reconocida por su trayectoria con el <strong>Premio Rei Jaume I en Protecci\u00f3n del Medio Ambiente<\/strong>, su intervenci\u00f3n conectar\u00e1 ciencia de frontera y responsabilidad colectiva: comprender el hielo ant\u00e1rtico es comprender uno de los grandes reguladores del clima de la Tierra.<\/p>\n","protected":false},"featured_media":6332,"parent":0,"template":"","programa":[85,34],"tipo-de-evento":[36],"class_list":["post-6309","evento","type-evento","status-publish","has-post-thumbnail","hentry","programa-programa-2026","programa-marea-agenda","tipo-de-evento-marea-del-cambio"],"acf":[],"_links":{"self":[{"href":"https:\/\/fundacionoceanografic.org\/en\/wp-json\/wp\/v2\/evento\/6309","targetHints":{"allow":["GET"]}}],"collection":[{"href":"https:\/\/fundacionoceanografic.org\/en\/wp-json\/wp\/v2\/evento"}],"about":[{"href":"https:\/\/fundacionoceanografic.org\/en\/wp-json\/wp\/v2\/types\/evento"}],"wp:featuredmedia":[{"embeddable":true,"href":"https:\/\/fundacionoceanografic.org\/en\/wp-json\/wp\/v2\/media\/6332"}],"wp:attachment":[{"href":"https:\/\/fundacionoceanografic.org\/en\/wp-json\/wp\/v2\/media?parent=6309"}],"wp:term":[{"taxonomy":"programa","embeddable":true,"href":"https:\/\/fundacionoceanografic.org\/en\/wp-json\/wp\/v2\/programa?post=6309"},{"taxonomy":"tipo-de-evento","embeddable":true,"href":"https:\/\/fundacionoceanografic.org\/en\/wp-json\/wp\/v2\/tipo-de-evento?post=6309"}],"curies":[{"name":"wp","href":"https:\/\/api.w.org\/{rel}","templated":true}]}}

<p><strong>Charla sobre introducción a los ecosistemas polares a cargo de la Dra. Carlota Escutia ​</strong></p>



<p>La geóloga <strong>Carlota Escutia Dotti</strong>, investigadora del CSIC en el <strong>Instituto Andaluz de Ciencias de la Tierra (CSIC-UGR)</strong>, dedicará su conferencia a explicar por qué la Antártida es una pieza clave del sistema climático y cómo su historia geológica ayuda a entender el futuro del planeta. A partir del estudio de <strong>sedimentos y registros estratigráficos</strong>, incluidas grandes campañas internacionales de perforación oceánica para reconstruir la evolución del casquete antártico, Escutia mostrará cómo los cambios ambientales del pasado se reflejan en la estabilidad del hielo, el océano Austral y, en conjunto, en el clima global. </p>



<p>Su trabajo aporta evidencias fundamentales para mejorar la interpretación de la dinámica del hielo polar y afinar los modelos que evalúan riesgos y escenarios de cambio climático. Reconocida por su trayectoria con el <strong>Premio Rei Jaume I en Protección del Medio Ambiente</strong>, su intervención conectará ciencia de frontera y responsabilidad colectiva: comprender el hielo antártico es comprender uno de los grandes reguladores del clima de la Tierra.</p>
