{"id":6298,"date":"2026-02-03T17:21:47","date_gmt":"2026-02-03T16:21:47","guid":{"rendered":"https:\/\/fundacionoceanografic.org\/?post_type=evento&#038;p=6298"},"modified":"2026-02-03T17:21:47","modified_gmt":"2026-02-03T16:21:47","slug":"limpieza-de-playa-y-suelta-de-tortuga","status":"publish","type":"evento","link":"https:\/\/fundacionoceanografic.org\/en\/calendar\/limpieza-de-playa-y-suelta-de-tortuga\/","title":{"rendered":"Limpieza de playa y suelta de tortuga"},"content":{"rendered":"\n<p>La Fundaci\u00f3n Oceanogr\u00e0fic, en colaboraci\u00f3n con 80 escolares del Lyc\u00e9e Fran\u00e7ais de Valence, organizar\u00e1 una jornada de educaci\u00f3n ambiental que combinar\u00e1 una limpieza de playa con una actividad de sensibilizaci\u00f3n sobre basuras marinas y su impacto en la biodiversidad. A trav\u00e9s de la recogida y observaci\u00f3n de los residuos m\u00e1s habituales (pl\u00e1sticos, colillas, hilos, envoltorios, etc.), el alumnado reflexionar\u00e1 sobre c\u00f3mo la basura que generamos puede acabar en el mar y convertirse en una amenaza directa para especies como las tortugas marinas. Como cierre de la jornada, est\u00e1 prevista la suelta de una tortuga marina recuperada y rehabilitada en el ARCA del Mar, un momento que permite conectar la acci\u00f3n preventiva (no abandonar residuos y reducirlos) con un ejemplo real de conservaci\u00f3n, reforzando valores de responsabilidad, respeto por la fauna y compromiso con el cuidado del medio marino.<\/p>\n","protected":false},"featured_media":5855,"parent":0,"template":"","programa":[],"tipo-de-evento":[14],"class_list":["post-6298","evento","type-evento","status-publish","has-post-thumbnail","hentry","tipo-de-evento-actividad-con-colaboradores"],"acf":[],"_links":{"self":[{"href":"https:\/\/fundacionoceanografic.org\/en\/wp-json\/wp\/v2\/evento\/6298","targetHints":{"allow":["GET"]}}],"collection":[{"href":"https:\/\/fundacionoceanografic.org\/en\/wp-json\/wp\/v2\/evento"}],"about":[{"href":"https:\/\/fundacionoceanografic.org\/en\/wp-json\/wp\/v2\/types\/evento"}],"wp:featuredmedia":[{"embeddable":true,"href":"https:\/\/fundacionoceanografic.org\/en\/wp-json\/wp\/v2\/media\/5855"}],"wp:attachment":[{"href":"https:\/\/fundacionoceanografic.org\/en\/wp-json\/wp\/v2\/media?parent=6298"}],"wp:term":[{"taxonomy":"programa","embeddable":true,"href":"https:\/\/fundacionoceanografic.org\/en\/wp-json\/wp\/v2\/programa?post=6298"},{"taxonomy":"tipo-de-evento","embeddable":true,"href":"https:\/\/fundacionoceanografic.org\/en\/wp-json\/wp\/v2\/tipo-de-evento?post=6298"}],"curies":[{"name":"wp","href":"https:\/\/api.w.org\/{rel}","templated":true}]}}

<p>La Fundación Oceanogràfic, en colaboración con 80 escolares del Lycée Français de Valence, organizará una jornada de educación ambiental que combinará una limpieza de playa con una actividad de sensibilización sobre basuras marinas y su impacto en la biodiversidad. A través de la recogida y observación de los residuos más habituales (plásticos, colillas, hilos, envoltorios, etc.), el alumnado reflexionará sobre cómo la basura que generamos puede acabar en el mar y convertirse en una amenaza directa para especies como las tortugas marinas. Como cierre de la jornada, está prevista la suelta de una tortuga marina recuperada y rehabilitada en el ARCA del Mar, un momento que permite conectar la acción preventiva (no abandonar residuos y reducirlos) con un ejemplo real de conservación, reforzando valores de responsabilidad, respeto por la fauna y compromiso con el cuidado del medio marino.</p>
