{"id":6289,"date":"2026-01-29T16:01:47","date_gmt":"2026-01-29T15:01:47","guid":{"rendered":"https:\/\/fundacionoceanografic.org\/?post_type=evento&#038;p=6289"},"modified":"2026-02-02T12:38:44","modified_gmt":"2026-02-02T11:38:44","slug":"charla","status":"publish","type":"evento","link":"https:\/\/fundacionoceanografic.org\/en\/calendar\/charla\/","title":{"rendered":"Charla formativa"},"content":{"rendered":"\n<p>Con motivo de la efem\u00e9ride del <strong>D\u00eda Internacional de la Mujer y la Ni\u00f1a en la Ciencia<\/strong>, desde la Fundaci\u00f3n Oceanogr\u00e0fic impartiremos una charla dirigida al alumnado del CIPFP La Misericordia, con el objetivo de acercar la investigaci\u00f3n cient\u00edfica y poner en valor el papel fundamental de las mujeres en este \u00e1mbito. <\/p>\n\n\n\n<p>La sesi\u00f3n abordar\u00e1 la situaci\u00f3n actual de los ecosistemas polares profundizando en el \u00c1rtico, tanto desde su componente abi\u00f3tica como bi\u00f3tica. Se tratar\u00e1n las din\u00e1micas estacionales y tr\u00f3ficas, la importancia del \u00c1rtico para el equilibrio del planeta, as\u00ed como las principales amenazas y oportunidades que enfrenta este entorno.\u00a0<\/p>\n","protected":false},"featured_media":3508,"parent":0,"template":"","programa":[],"tipo-de-evento":[14],"class_list":["post-6289","evento","type-evento","status-publish","has-post-thumbnail","hentry","tipo-de-evento-actividad-con-colaboradores"],"acf":[],"_links":{"self":[{"href":"https:\/\/fundacionoceanografic.org\/en\/wp-json\/wp\/v2\/evento\/6289","targetHints":{"allow":["GET"]}}],"collection":[{"href":"https:\/\/fundacionoceanografic.org\/en\/wp-json\/wp\/v2\/evento"}],"about":[{"href":"https:\/\/fundacionoceanografic.org\/en\/wp-json\/wp\/v2\/types\/evento"}],"wp:featuredmedia":[{"embeddable":true,"href":"https:\/\/fundacionoceanografic.org\/en\/wp-json\/wp\/v2\/media\/3508"}],"wp:attachment":[{"href":"https:\/\/fundacionoceanografic.org\/en\/wp-json\/wp\/v2\/media?parent=6289"}],"wp:term":[{"taxonomy":"programa","embeddable":true,"href":"https:\/\/fundacionoceanografic.org\/en\/wp-json\/wp\/v2\/programa?post=6289"},{"taxonomy":"tipo-de-evento","embeddable":true,"href":"https:\/\/fundacionoceanografic.org\/en\/wp-json\/wp\/v2\/tipo-de-evento?post=6289"}],"curies":[{"name":"wp","href":"https:\/\/api.w.org\/{rel}","templated":true}]}}

<p>Con motivo de la efeméride del <strong>Día Internacional de la Mujer y la Niña en la Ciencia</strong>, desde la Fundación Oceanogràfic impartiremos una charla dirigida al alumnado del CIPFP La Misericordia, con el objetivo de acercar la investigación científica y poner en valor el papel fundamental de las mujeres en este ámbito. </p>



<p>La sesión abordará la situación actual de los ecosistemas polares profundizando en el Ártico, tanto desde su componente abiótica como biótica. Se tratarán las dinámicas estacionales y tróficas, la importancia del Ártico para el equilibrio del planeta, así como las principales amenazas y oportunidades que enfrenta este entorno. </p>
