{"id":6283,"date":"2026-01-20T12:38:01","date_gmt":"2026-01-20T11:38:01","guid":{"rendered":"https:\/\/fundacionoceanografic.org\/?post_type=evento&#038;p=6283"},"modified":"2026-01-20T12:38:01","modified_gmt":"2026-01-20T11:38:01","slug":"suelta-de-tortuga-marina-9","status":"publish","type":"evento","link":"https:\/\/fundacionoceanografic.org\/en\/calendar\/suelta-de-tortuga-marina-9\/","title":{"rendered":"Suelta de tortuga marina"},"content":{"rendered":"\n<p>Junto al Colegio Abec\u00e9 de Gand\u00eda<\/p>\n\n\n\n<p>La Fundaci\u00f3n Oceanogr\u00e0fic realizar\u00e1 una suelta de tortuga marina recuperada en el ARCA del Mar junto al Colegio Abec\u00e9 de Gand\u00eda, con la participaci\u00f3n de 75 alumnos y alumnas de segundo ciclo de la ESO. Esta actividad educativa permite acercar al alumnado al trabajo real de conservaci\u00f3n marina, mostrando de primera mano el proceso de rescate, recuperaci\u00f3n y retorno al medio natural de una especie amenazada. A trav\u00e9s de la suelta, el estudiantado comprende la importancia de proteger los ecosistemas marinos, el impacto de las actividades humanas en el oc\u00e9ano y el papel fundamental que desarrolla el ARCA del Mar de la Fundaci\u00f3n Oceanogr\u00e0fic en la atenci\u00f3n a fauna marina, la investigaci\u00f3n cient\u00edfica y la sensibilizaci\u00f3n ambiental.<\/p>\n","protected":false},"featured_media":5471,"parent":0,"template":"","programa":[],"tipo-de-evento":[14],"class_list":["post-6283","evento","type-evento","status-publish","has-post-thumbnail","hentry","tipo-de-evento-actividad-con-colaboradores"],"acf":[],"_links":{"self":[{"href":"https:\/\/fundacionoceanografic.org\/en\/wp-json\/wp\/v2\/evento\/6283","targetHints":{"allow":["GET"]}}],"collection":[{"href":"https:\/\/fundacionoceanografic.org\/en\/wp-json\/wp\/v2\/evento"}],"about":[{"href":"https:\/\/fundacionoceanografic.org\/en\/wp-json\/wp\/v2\/types\/evento"}],"wp:featuredmedia":[{"embeddable":true,"href":"https:\/\/fundacionoceanografic.org\/en\/wp-json\/wp\/v2\/media\/5471"}],"wp:attachment":[{"href":"https:\/\/fundacionoceanografic.org\/en\/wp-json\/wp\/v2\/media?parent=6283"}],"wp:term":[{"taxonomy":"programa","embeddable":true,"href":"https:\/\/fundacionoceanografic.org\/en\/wp-json\/wp\/v2\/programa?post=6283"},{"taxonomy":"tipo-de-evento","embeddable":true,"href":"https:\/\/fundacionoceanografic.org\/en\/wp-json\/wp\/v2\/tipo-de-evento?post=6283"}],"curies":[{"name":"wp","href":"https:\/\/api.w.org\/{rel}","templated":true}]}}

<p>Junto al Colegio Abecé de Gandía</p>



<p>La Fundación Oceanogràfic realizará una suelta de tortuga marina recuperada en el ARCA del Mar junto al Colegio Abecé de Gandía, con la participación de 75 alumnos y alumnas de segundo ciclo de la ESO. Esta actividad educativa permite acercar al alumnado al trabajo real de conservación marina, mostrando de primera mano el proceso de rescate, recuperación y retorno al medio natural de una especie amenazada. A través de la suelta, el estudiantado comprende la importancia de proteger los ecosistemas marinos, el impacto de las actividades humanas en el océano y el papel fundamental que desarrolla el ARCA del Mar de la Fundación Oceanogràfic en la atención a fauna marina, la investigación científica y la sensibilización ambiental.</p>
