{"id":6197,"date":"2026-01-07T16:26:57","date_gmt":"2026-01-07T15:26:57","guid":{"rendered":"https:\/\/fundacionoceanografic.org\/?post_type=evento&#038;p=6197"},"modified":"2026-01-08T17:04:00","modified_gmt":"2026-01-08T16:04:00","slug":"visita-conoce-la-fundacion-oceanografic-4","status":"publish","type":"evento","link":"https:\/\/fundacionoceanografic.org\/en\/calendar\/visita-conoce-la-fundacion-oceanografic-4\/","title":{"rendered":"Suelta de tortuga marina"},"content":{"rendered":"\n<p><strong>Junto a la asociaci\u00f3n AFEMPES (Asociaci\u00f3n de Familiares y Personas que tienen una Enfermedad Mental)<\/strong><\/p>\n\n\n\n<p>Celebramos el D\u00eda de la Educaci\u00f3n Ambiental con una suelta de una tortuga marina recuperada junto a AFEMPES (Asociaci\u00f3n de Familiares y Personas con Enfermedad Mental), se plantea como una actividad educativa y de sensibilizaci\u00f3n en contacto directo con el medio natural.  AFEMPES es una entidad sin \u00e1nimo de lucro que trabaja por la integraci\u00f3n social, el bienestar y la mejora de la calidad de vida de las personas con problemas de salud mental y sus familias. A trav\u00e9s de esta suelta educativa, los participantes conocen de primera mano el valor de la conservaci\u00f3n marina y el trabajo de recuperaci\u00f3n de fauna, fomentando la concienciaci\u00f3n ambiental, la inclusi\u00f3n social y el v\u00ednculo emocional con la naturaleza.<\/p>\n","protected":false},"featured_media":3085,"parent":0,"template":"","programa":[],"tipo-de-evento":[14],"class_list":["post-6197","evento","type-evento","status-publish","has-post-thumbnail","hentry","tipo-de-evento-actividad-con-colaboradores"],"acf":[],"_links":{"self":[{"href":"https:\/\/fundacionoceanografic.org\/en\/wp-json\/wp\/v2\/evento\/6197","targetHints":{"allow":["GET"]}}],"collection":[{"href":"https:\/\/fundacionoceanografic.org\/en\/wp-json\/wp\/v2\/evento"}],"about":[{"href":"https:\/\/fundacionoceanografic.org\/en\/wp-json\/wp\/v2\/types\/evento"}],"wp:featuredmedia":[{"embeddable":true,"href":"https:\/\/fundacionoceanografic.org\/en\/wp-json\/wp\/v2\/media\/3085"}],"wp:attachment":[{"href":"https:\/\/fundacionoceanografic.org\/en\/wp-json\/wp\/v2\/media?parent=6197"}],"wp:term":[{"taxonomy":"programa","embeddable":true,"href":"https:\/\/fundacionoceanografic.org\/en\/wp-json\/wp\/v2\/programa?post=6197"},{"taxonomy":"tipo-de-evento","embeddable":true,"href":"https:\/\/fundacionoceanografic.org\/en\/wp-json\/wp\/v2\/tipo-de-evento?post=6197"}],"curies":[{"name":"wp","href":"https:\/\/api.w.org\/{rel}","templated":true}]}}

<p><strong>Junto a la asociación AFEMPES (Asociación de Familiares y Personas que tienen una Enfermedad Mental)</strong></p>



<p>Celebramos el Día de la Educación Ambiental con una suelta de una tortuga marina recuperada junto a AFEMPES (Asociación de Familiares y Personas con Enfermedad Mental), se plantea como una actividad educativa y de sensibilización en contacto directo con el medio natural.  AFEMPES es una entidad sin ánimo de lucro que trabaja por la integración social, el bienestar y la mejora de la calidad de vida de las personas con problemas de salud mental y sus familias. A través de esta suelta educativa, los participantes conocen de primera mano el valor de la conservación marina y el trabajo de recuperación de fauna, fomentando la concienciación ambiental, la inclusión social y el vínculo emocional con la naturaleza.</p>
