{"id":6125,"date":"2025-12-12T10:59:12","date_gmt":"2025-12-12T09:59:12","guid":{"rendered":"https:\/\/fundacionoceanografic.org\/?post_type=evento&#038;p=6125"},"modified":"2025-12-12T11:02:00","modified_gmt":"2025-12-12T10:02:00","slug":"visita-de-aspanion-y-actividad-educativa","status":"publish","type":"evento","link":"https:\/\/fundacionoceanografic.org\/en\/calendar\/visita-de-aspanion-y-actividad-educativa\/","title":{"rendered":"Visita de ASPANION y actividad educativa"},"content":{"rendered":"\n<p>La asociaci\u00f3n ASPANION visitar\u00e1 el Oceanogr\u00e0fic para conocer de cerca nuestras especies y ecosistemas, y participar en un taller tem\u00e1tico sobre cambio clim\u00e1tico junto a los educadores del Oceanolab, nuestro equipo m\u00f3vil de experimentos cient\u00edficos y educativos. Esta actividad se enmarca en la pol\u00edtica de Responsabilidad Social Corporativa (RSC) de la Fundaci\u00f3n Oceanogr\u00e0fic, que promueve la conservaci\u00f3n, la educaci\u00f3n ambiental y la sensibilizaci\u00f3n sobre los retos globales que afectan a nuestros mares y oc\u00e9anos. Es fundamental hacer llegar este mensaje a todos los p\u00fablicos posibles, fomentando la conciencia y la acci\u00f3n colectiva para proteger la biodiversidad y garantizar un futuro sostenible para el planeta.<\/p>\n","protected":false},"featured_media":4836,"parent":0,"template":"","programa":[],"tipo-de-evento":[14],"class_list":["post-6125","evento","type-evento","status-publish","has-post-thumbnail","hentry","tipo-de-evento-actividad-con-colaboradores"],"acf":[],"_links":{"self":[{"href":"https:\/\/fundacionoceanografic.org\/en\/wp-json\/wp\/v2\/evento\/6125","targetHints":{"allow":["GET"]}}],"collection":[{"href":"https:\/\/fundacionoceanografic.org\/en\/wp-json\/wp\/v2\/evento"}],"about":[{"href":"https:\/\/fundacionoceanografic.org\/en\/wp-json\/wp\/v2\/types\/evento"}],"wp:featuredmedia":[{"embeddable":true,"href":"https:\/\/fundacionoceanografic.org\/en\/wp-json\/wp\/v2\/media\/4836"}],"wp:attachment":[{"href":"https:\/\/fundacionoceanografic.org\/en\/wp-json\/wp\/v2\/media?parent=6125"}],"wp:term":[{"taxonomy":"programa","embeddable":true,"href":"https:\/\/fundacionoceanografic.org\/en\/wp-json\/wp\/v2\/programa?post=6125"},{"taxonomy":"tipo-de-evento","embeddable":true,"href":"https:\/\/fundacionoceanografic.org\/en\/wp-json\/wp\/v2\/tipo-de-evento?post=6125"}],"curies":[{"name":"wp","href":"https:\/\/api.w.org\/{rel}","templated":true}]}}

<p>La asociación ASPANION visitará el Oceanogràfic para conocer de cerca nuestras especies y ecosistemas, y participar en un taller temático sobre cambio climático junto a los educadores del Oceanolab, nuestro equipo móvil de experimentos científicos y educativos. Esta actividad se enmarca en la política de Responsabilidad Social Corporativa (RSC) de la Fundación Oceanogràfic, que promueve la conservación, la educación ambiental y la sensibilización sobre los retos globales que afectan a nuestros mares y océanos. Es fundamental hacer llegar este mensaje a todos los públicos posibles, fomentando la conciencia y la acción colectiva para proteger la biodiversidad y garantizar un futuro sostenible para el planeta.</p>
