{"id":6095,"date":"2025-11-24T12:38:06","date_gmt":"2025-11-24T11:38:06","guid":{"rendered":"https:\/\/fundacionoceanografic.org\/?post_type=evento&#038;p=6095"},"modified":"2025-11-24T12:38:29","modified_gmt":"2025-11-24T11:38:29","slug":"suelta-de-tortuga-marina-junto-a-la-empresa-jan-de-nuu","status":"publish","type":"evento","link":"https:\/\/fundacionoceanografic.org\/en\/calendar\/suelta-de-tortuga-marina-junto-a-la-empresa-jan-de-nuu\/","title":{"rendered":"Suelta de tortuga marina junto a la empresa Jan de Nuu"},"content":{"rendered":"\n<p>La\u00a0suelta de tortuga marina\u00a0es una actividad de aprendizaje que conecta que permite conocer de primera mano la biolog\u00eda de las tortugas, las amenazas que enfrentan y las buenas pr\u00e1cticas en la playa, mientras participa en un acto simb\u00f3lico de devoluci\u00f3n al mar. La tortuga, recuperada y rehabilitada en el ARCA del Mar del Oceanogr\u00e0fic, dentro de los programas de rescate y bienestar animal, permite explicar el proceso completo: aviso, atenci\u00f3n veterinaria, recuperaci\u00f3n y reintroducci\u00f3n. <\/p>\n\n\n\n<p>As\u00ed, la experiencia fomenta la responsabilidad ambiental, el pensamiento cr\u00edtico y la protecci\u00f3n de la biodiversidad. Acci\u00f3n ambiental junto a Jan\u00a0De\u00a0Nul\u00a0Group, una\u00a0empresa internacional\u00a0de\u00a0origen belga especializada en obras mar\u00edtimas, ingenier\u00eda civil y servicios medioambientales participar\u00e1n en una suelta de tortuga marina dentro\u00a0de\u00a0la iniciativa\u00a0de\u00a0Servicios Ambientales que nos permite llevar nuestro mensaje\u00a0de\u00a0conservaci\u00f3n a las empresas interesadas. <\/p>\n","protected":false},"featured_media":1423,"parent":0,"template":"","programa":[],"tipo-de-evento":[14],"class_list":["post-6095","evento","type-evento","status-publish","has-post-thumbnail","hentry","tipo-de-evento-actividad-con-colaboradores"],"acf":[],"_links":{"self":[{"href":"https:\/\/fundacionoceanografic.org\/en\/wp-json\/wp\/v2\/evento\/6095","targetHints":{"allow":["GET"]}}],"collection":[{"href":"https:\/\/fundacionoceanografic.org\/en\/wp-json\/wp\/v2\/evento"}],"about":[{"href":"https:\/\/fundacionoceanografic.org\/en\/wp-json\/wp\/v2\/types\/evento"}],"wp:featuredmedia":[{"embeddable":true,"href":"https:\/\/fundacionoceanografic.org\/en\/wp-json\/wp\/v2\/media\/1423"}],"wp:attachment":[{"href":"https:\/\/fundacionoceanografic.org\/en\/wp-json\/wp\/v2\/media?parent=6095"}],"wp:term":[{"taxonomy":"programa","embeddable":true,"href":"https:\/\/fundacionoceanografic.org\/en\/wp-json\/wp\/v2\/programa?post=6095"},{"taxonomy":"tipo-de-evento","embeddable":true,"href":"https:\/\/fundacionoceanografic.org\/en\/wp-json\/wp\/v2\/tipo-de-evento?post=6095"}],"curies":[{"name":"wp","href":"https:\/\/api.w.org\/{rel}","templated":true}]}}

<p>La suelta de tortuga marina es una actividad de aprendizaje que conecta que permite conocer de primera mano la biología de las tortugas, las amenazas que enfrentan y las buenas prácticas en la playa, mientras participa en un acto simbólico de devolución al mar. La tortuga, recuperada y rehabilitada en el ARCA del Mar del Oceanogràfic, dentro de los programas de rescate y bienestar animal, permite explicar el proceso completo: aviso, atención veterinaria, recuperación y reintroducción. </p>



<p>Así, la experiencia fomenta la responsabilidad ambiental, el pensamiento crítico y la protección de la biodiversidad. Acción ambiental junto a Jan De Nul Group, una empresa internacional de origen belga especializada en obras marítimas, ingeniería civil y servicios medioambientales participarán en una suelta de tortuga marina dentro de la iniciativa de Servicios Ambientales que nos permite llevar nuestro mensaje de conservación a las empresas interesadas. </p>
