{"id":6089,"date":"2025-11-10T14:29:47","date_gmt":"2025-11-10T13:29:47","guid":{"rendered":"https:\/\/fundacionoceanografic.org\/?post_type=evento&#038;p=6089"},"modified":"2025-11-10T14:30:08","modified_gmt":"2025-11-10T13:30:08","slug":"semana-de-la-ciencia","status":"publish","type":"evento","link":"https:\/\/fundacionoceanografic.org\/en\/calendar\/semana-de-la-ciencia\/","title":{"rendered":"Semana de la Ciencia"},"content":{"rendered":"\n<p><strong>Charla: \u00abM\u00e1s all\u00e1 de la \u201cexhibici\u00f3n\u201d: el papel de los acuarios en la conservaci\u00f3n de cet\u00e1ceos\u00bb<\/strong><\/p>\n\n\n\n<p>Charla a cargo de la Doctora Alicia Borque, responsable del Departamento de Divulgaci\u00f3n de la Fundaci\u00f3n Oceanogr\u00e0fic cuya tesis doctoral se centr\u00f3 en comprender el funcionamiento pulmonar de morsas y delfines, aportando conocimiento clave sobre la fisiolog\u00eda respiratoria de los mam\u00edferos marinos y su adaptaci\u00f3n al medio acu\u00e1tico. En la charla \u00abM\u00e1s all\u00e1 de la \u201cexhibici\u00f3n\u201d: el papel de los acuarios en la conservaci\u00f3n de cet\u00e1ceos\u00bb, que tendr\u00e1 lugar en el sal\u00f3n de actos de la Facultad de Ciencias de la Universidade da Coru\u00f1a y est\u00e1 dirigida al alumnado universitario, abordar\u00e1 c\u00f3mo los acuarios modernos contribuyen a la protecci\u00f3n de los cet\u00e1ceos mediante la investigaci\u00f3n, el bienestar animal, los programas de conservaci\u00f3n in situ y ex situ y la educaci\u00f3n ambiental, subrayando el papel de estas instituciones como aliadas frente a las amenazas que afrontan los oc\u00e9anos.<\/p>\n\n\n\n\n","protected":false},"featured_media":1887,"parent":0,"template":"","programa":[],"tipo-de-evento":[14],"class_list":["post-6089","evento","type-evento","status-publish","has-post-thumbnail","hentry","tipo-de-evento-actividad-con-colaboradores"],"acf":[],"_links":{"self":[{"href":"https:\/\/fundacionoceanografic.org\/en\/wp-json\/wp\/v2\/evento\/6089","targetHints":{"allow":["GET"]}}],"collection":[{"href":"https:\/\/fundacionoceanografic.org\/en\/wp-json\/wp\/v2\/evento"}],"about":[{"href":"https:\/\/fundacionoceanografic.org\/en\/wp-json\/wp\/v2\/types\/evento"}],"wp:featuredmedia":[{"embeddable":true,"href":"https:\/\/fundacionoceanografic.org\/en\/wp-json\/wp\/v2\/media\/1887"}],"wp:attachment":[{"href":"https:\/\/fundacionoceanografic.org\/en\/wp-json\/wp\/v2\/media?parent=6089"}],"wp:term":[{"taxonomy":"programa","embeddable":true,"href":"https:\/\/fundacionoceanografic.org\/en\/wp-json\/wp\/v2\/programa?post=6089"},{"taxonomy":"tipo-de-evento","embeddable":true,"href":"https:\/\/fundacionoceanografic.org\/en\/wp-json\/wp\/v2\/tipo-de-evento?post=6089"}],"curies":[{"name":"wp","href":"https:\/\/api.w.org\/{rel}","templated":true}]}}

<p><strong>Charla: «Más allá de la “exhibición”: el papel de los acuarios en la conservación de cetáceos»</strong></p>



<p>Charla a cargo de la Doctora Alicia Borque, responsable del Departamento de Divulgación de la Fundación Oceanogràfic cuya tesis doctoral se centró en comprender el funcionamiento pulmonar de morsas y delfines, aportando conocimiento clave sobre la fisiología respiratoria de los mamíferos marinos y su adaptación al medio acuático. En la charla «Más allá de la “exhibición”: el papel de los acuarios en la conservación de cetáceos», que tendrá lugar en el salón de actos de la Facultad de Ciencias de la Universidade da Coruña y está dirigida al alumnado universitario, abordará cómo los acuarios modernos contribuyen a la protección de los cetáceos mediante la investigación, el bienestar animal, los programas de conservación in situ y ex situ y la educación ambiental, subrayando el papel de estas instituciones como aliadas frente a las amenazas que afrontan los océanos.</p>
