{"id":6088,"date":"2025-11-10T11:04:44","date_gmt":"2025-11-10T10:04:44","guid":{"rendered":"https:\/\/fundacionoceanografic.org\/?post_type=evento&#038;p=6088"},"modified":"2025-11-10T11:04:44","modified_gmt":"2025-11-10T10:04:44","slug":"limpieza-de-playa-junto-al-ies-patacona","status":"publish","type":"evento","link":"https:\/\/fundacionoceanografic.org\/en\/calendar\/limpieza-de-playa-junto-al-ies-patacona\/","title":{"rendered":"Limpieza de playa junto al IES Patacona"},"content":{"rendered":"\n<p>El profesorado y el alumnado del IES Patacona participan en una jornadas formativas sobre basuras marinas organizadas por la Fundaci\u00f3n Oceanogr\u00e0fic. Durante la actividad, el equipo de Educaci\u00f3n explicar\u00e1 c\u00f3mo realizar una limpieza de playa siguiendo el protocolo adecuado, c\u00f3mo distinguir entre un residuo marino y un rastro biol\u00f3gico, y cu\u00e1les son los efectos de las basuras en el ecosistema. Esta propuesta responde a la petici\u00f3n del centro de contar con apoyo pedag\u00f3gico para desarrollar un proyecto innovador en su formaci\u00f3n profesional de peluquer\u00eda y vestuario art\u00edstico, que culminar\u00e1 en un desfile con materiales recogidos en una futura limpieza de playa. <\/p>\n\n\n\n<p>Las limpiezas de playa, m\u00e1s all\u00e1 de su impacto directo en la retirada de residuos, son una herramienta fundamental para implicar a la ciudadan\u00eda en la problem\u00e1tica de las basuras marinas, generar conciencia cr\u00edtica y fomentar cambios de h\u00e1bitos hacia un litoral m\u00e1s sano y respetado.<\/p>\n","protected":false},"featured_media":374,"parent":0,"template":"","programa":[],"tipo-de-evento":[14],"class_list":["post-6088","evento","type-evento","status-publish","has-post-thumbnail","hentry","tipo-de-evento-actividad-con-colaboradores"],"acf":[],"_links":{"self":[{"href":"https:\/\/fundacionoceanografic.org\/en\/wp-json\/wp\/v2\/evento\/6088","targetHints":{"allow":["GET"]}}],"collection":[{"href":"https:\/\/fundacionoceanografic.org\/en\/wp-json\/wp\/v2\/evento"}],"about":[{"href":"https:\/\/fundacionoceanografic.org\/en\/wp-json\/wp\/v2\/types\/evento"}],"wp:featuredmedia":[{"embeddable":true,"href":"https:\/\/fundacionoceanografic.org\/en\/wp-json\/wp\/v2\/media\/374"}],"wp:attachment":[{"href":"https:\/\/fundacionoceanografic.org\/en\/wp-json\/wp\/v2\/media?parent=6088"}],"wp:term":[{"taxonomy":"programa","embeddable":true,"href":"https:\/\/fundacionoceanografic.org\/en\/wp-json\/wp\/v2\/programa?post=6088"},{"taxonomy":"tipo-de-evento","embeddable":true,"href":"https:\/\/fundacionoceanografic.org\/en\/wp-json\/wp\/v2\/tipo-de-evento?post=6088"}],"curies":[{"name":"wp","href":"https:\/\/api.w.org\/{rel}","templated":true}]}}

<p>El profesorado y el alumnado del IES Patacona participan en una jornadas formativas sobre basuras marinas organizadas por la Fundación Oceanogràfic. Durante la actividad, el equipo de Educación explicará cómo realizar una limpieza de playa siguiendo el protocolo adecuado, cómo distinguir entre un residuo marino y un rastro biológico, y cuáles son los efectos de las basuras en el ecosistema. Esta propuesta responde a la petición del centro de contar con apoyo pedagógico para desarrollar un proyecto innovador en su formación profesional de peluquería y vestuario artístico, que culminará en un desfile con materiales recogidos en una futura limpieza de playa. </p>



<p>Las limpiezas de playa, más allá de su impacto directo en la retirada de residuos, son una herramienta fundamental para implicar a la ciudadanía en la problemática de las basuras marinas, generar conciencia crítica y fomentar cambios de hábitos hacia un litoral más sano y respetado.</p>
