{"id":6077,"date":"2025-11-03T08:32:50","date_gmt":"2025-11-03T07:32:50","guid":{"rendered":"https:\/\/fundacionoceanografic.org\/?post_type=evento&#038;p=6077"},"modified":"2025-11-03T08:32:50","modified_gmt":"2025-11-03T07:32:50","slug":"ii-jornadas-medioambientales-del-mar-calp-blau-2025","status":"publish","type":"evento","link":"https:\/\/fundacionoceanografic.org\/en\/calendar\/ii-jornadas-medioambientales-del-mar-calp-blau-2025\/","title":{"rendered":"II Jornadas Medioambientales del Mar \u201cCalp Blau\u201d 2025"},"content":{"rendered":"\n<p>Las II Jornadas Medioambientales del Mar \u201cCalp Blau\u201d son un encuentro para reflexionar, compartir y pasar a la acci\u00f3n en defensa del litoral de Calp, con ponencias t\u00e9cnicas, mesas de debate y actividades de campo. La Fundaci\u00f3n Oceanogr\u00e0fic participa con una charla de Andrea Spinelli sobre la \u201cMonitorizaci\u00f3n y retirada de artes de pesca perdidos o abandonados en la Comunidad Valenciana\u201d, en la que abordar\u00e1 el problema de las redes fantasma (artes de pesca perdidos que siguen atrapando fauna y degradando h\u00e1bitats) y las acciones coordinadas para su localizaci\u00f3n y retirada junto a actores como VAERSA. <\/p>\n","protected":false},"featured_media":5278,"parent":0,"template":"","programa":[],"tipo-de-evento":[14],"class_list":["post-6077","evento","type-evento","status-publish","has-post-thumbnail","hentry","tipo-de-evento-actividad-con-colaboradores"],"acf":[],"_links":{"self":[{"href":"https:\/\/fundacionoceanografic.org\/en\/wp-json\/wp\/v2\/evento\/6077","targetHints":{"allow":["GET"]}}],"collection":[{"href":"https:\/\/fundacionoceanografic.org\/en\/wp-json\/wp\/v2\/evento"}],"about":[{"href":"https:\/\/fundacionoceanografic.org\/en\/wp-json\/wp\/v2\/types\/evento"}],"wp:featuredmedia":[{"embeddable":true,"href":"https:\/\/fundacionoceanografic.org\/en\/wp-json\/wp\/v2\/media\/5278"}],"wp:attachment":[{"href":"https:\/\/fundacionoceanografic.org\/en\/wp-json\/wp\/v2\/media?parent=6077"}],"wp:term":[{"taxonomy":"programa","embeddable":true,"href":"https:\/\/fundacionoceanografic.org\/en\/wp-json\/wp\/v2\/programa?post=6077"},{"taxonomy":"tipo-de-evento","embeddable":true,"href":"https:\/\/fundacionoceanografic.org\/en\/wp-json\/wp\/v2\/tipo-de-evento?post=6077"}],"curies":[{"name":"wp","href":"https:\/\/api.w.org\/{rel}","templated":true}]}}

<p>Las II Jornadas Medioambientales del Mar “Calp Blau” son un encuentro para reflexionar, compartir y pasar a la acción en defensa del litoral de Calp, con ponencias técnicas, mesas de debate y actividades de campo. La Fundación Oceanogràfic participa con una charla de Andrea Spinelli sobre la “Monitorización y retirada de artes de pesca perdidos o abandonados en la Comunidad Valenciana”, en la que abordará el problema de las redes fantasma (artes de pesca perdidos que siguen atrapando fauna y degradando hábitats) y las acciones coordinadas para su localización y retirada junto a actores como VAERSA. </p>
